= -5*k, 2*s = 5*k + 16 + o. Suppose 0*a + 10 = s*a. What are the prime factors of a?
2
List the prime factors of ((-2)/(-12)*4)/((-26)/(-8463)).
7, 31
Let r be (0 - (-1)/(-3))*3. Let y be 0 + r/((-2)/48). Suppose -3*q + y = -0*q. List the prime factors of q.
2
Let n be (-3)/(9/(-3)) + 7. Suppose 2*b = n + 14. List the prime factors of b.
11
Let d(s) be the third derivative of s**5/12 + s**4/12 + s**3/6 - 2*s**2. What are the prime factors of d(-1)?
2
Let x(f) = 3*f - 6. Suppose -c = 2*c - 12. Let t be x(c). List the prime factors of 3/t*(-2 + 40).
19
Let y(n) = -n**3 - 5*n**2 + 7*n + 3. List the prime factors of y(-7).
2, 13
Suppose -4*k + 2*k = -14. List the prime factors of k.
7
What are the prime factors of (18/12)/(3/122)?
61
Let l = 327 - 116. List the prime factors of l.
211
Suppose -f + 8 = -0*f. Let k(i) = i**3 - 9*i**2 + 9*i - 5. Let l be k(f). Suppose q - l*q + 16 = 0. List the prime factors of q.
2
Let j(q) = -7*q - 4. Let o be j(-6). List the prime factors of o + (-3)/(3/(-4)).
2, 3, 7
Suppose 159 = 8*h - 401. List the prime factors of h.
2, 5, 7
Let l be 16/4*11/4. Let d be 4/(-10) - (-4)/10. Let k = l + d. List the prime factors of k.
11
Let l be (-2 - -5)*8/(-6). Let o = 1 - l. What are the prime factors of o?
5
Let l(i) = -2*i**3 - 2*i**2 + 2*i. Let m be l(-2). What are the prime factors of (-25)/2*(2 - m)?
5
Let n = 16 - 22. Let i be n/3 + -1 + 2. Let p = 17 + i. List the prime factors of p.
2
What are the prime factors of 3*(-96)/(-9) - 1?
31
Suppose -2*k = 5*u - 2*u - 202, u - 74 = -2*k. List the prime factors of u.
2
Let f(m) = m**2 + 6*m + 3. What are the prime factors of f(10)?
163
Let h be (-3)/(2 - 58/32). Let u = h - -27. List the prime factors of u.
11
Let u be (4 - 1)/((-1)/1). Suppose -2*w = 4, -3*p + 14 = -5*w - 26. Let r = p + u. What are the prime factors of r?
7
Suppose 0*h = 4*h + 124. Let c = -19 - h. What are the prime factors of c?
2, 3
What are the prime factors of (-8)/4 + -1 + 42?
3, 13
Suppose -8 = -5*q + 2. Suppose q*v = 5*v - 204. Suppose -5*l + 4*r = -v, 2*l - l - 28 = -4*r. What are the prime factors of l?
2
Let n(k) = -2*k + 12. What are the prime factors of n(-5)?
2, 11
Let c(b) = -b**3 + 8*b**2 - 7*b - 2. Suppose 3*q = -3*s - 4 + 19, 4*s = 4*q + 28. List the prime factors of c(s).
2, 7
Let h = -36 + 59. List the prime factors of h.
23
List the prime factors of 25 - (1 - (-2)/(-1)).
2, 13
What are the prime factors of (-7)/(63/(-250)) - 18/(-81)?
2, 7
Let c(k) = 17 - k**2 + 0*k**2 + 0*k**2 + 3*k - 4*k. What are the prime factors of c(0)?
17
Let o be 3/(-2) - 3/(-6). Let j be (o - 0 - -3) + -2. What are the prime factors of (j/(-1) - 8)*-1?
2
Let w(y) = -y**3 + 7*y**2 + 3*y - 12. List the prime factors of w(5).
53
Let w = 1 - -3. List the prime factors of w.
2
Suppose q = -2*q + 6. What are the prime factors of q - 0 - (-3 + 1)?
2
Let q(s) = -s - 5. Let z be (-2 + (-8)/(-6))*12. Let f be q(z). Suppose -30 = -3*n + f. What are the prime factors of n?
11
Let m(i) = 50*i - 32. What are the prime factors of m(4)?
2, 3, 7
Let l(w) = -8*w + 5. Let g be l(5). Let p be (-23)/(-5) + (-14)/g. Suppose 26 - 1 = p*k. What are the prime factors of k?
5
Suppose 2*a = a + 1. Suppose 0 - a = m. Let g = m - -12. List the prime factors of g.
11
Let u = -32 + 8. Let a = u + 39. List the prime factors of a.
3, 5
Let r(x) = -x**3 - 4*x**2 + 3*x - 5. Let a be r(-5). Suppose j + 0*j = 4. Suppose -a*v - 30 = -3*c, 3*c - j*v + v = 24. What are the prime factors of c?
5
Let j = 39 + -17. What are the prime factors of j?
2, 11
Let a be 2 + -3 + 1 + 10. Let p = -4 - -9. Suppose -p*j + 0*j + a = 0. What are the prime factors of j?
2
Suppose -4*i = -1 - 3, -4*f + 11 = 3*i. Let z(v) = 13*v**2 + 5 - f - 4. What are the prime factors of z(1)?
2, 3
Suppose -9*l + 436 = 148. What are the prime factors of l?
2
Let q(f) be the third derivative of -f**4/8 + f**3/2 - f**2. Let s be q(2). What are the prime factors of s/((-6)/4) + 1?
3
Suppose 4*x + 129 = -0*d + d, 5*x - 421 = -3*d. List the prime factors of d.
137
Suppose -1 = -5*r - 5*x + 29, 12 = 2*r + 3*x. List the prime factors of r.
2, 3
Suppose 2*p - 4*p = -224. Let k = -72 + p. List the prime factors of k.
2, 5
Suppose -5*z - 319 = -2*y, -5*z = -z - 12. List the prime factors of y.
167
Let n = -3 + 8. Suppose -5*h + s = -9, -3*h = h - 3*s - n. Suppose 3*v = 7 + h. What are the prime factors of v?
3
List the prime factors of 4 - 20/(-8)*2.
3
Let k(s) = -s**3 - 5*s**2 + 3*s - 5. What are the prime factors of k(-6)?
13
Suppose 5 = 4*h - 7. Suppose -10 - 2 = -h*l. Let j(f) = 3*f - 1. What are the prime factors of j(l)?
11
Let b(s) = 3*s - 4. What are the prime factors of b(8)?
2, 5
Suppose 2*f = -r, -3*r + 7 - 1 = 0. Let x = 2 - f. List the prime factors of x.
3
Let w be 3 + (2 + -3 - -4). Let y = w + 11. What are the prime factors of y?
17
Let n = 75 + -17. What are the prime factors of n?
2, 29
Let t be (-3)/(-2)*10/3. Let k be (4 - t)*(-9)/1. List the prime factors of k/6 + (-66)/(-4).
2, 3
Let m(b) = -20*b**2 - b - 1. Let j be m(-1). Let k = j + 33. List the prime factors of k.
13
Suppose v = -3*y - 3 + 1, -3*v = 2*y + 6. Let j(i) = 81*i + 1. Let s be j(1). Suppose y = -5*z + s - 17. List the prime factors of z.
13
Suppose 2*h - 12 = 14. Let i = h + -1. What are the prime factors of i?
2, 3
Suppose 3*u = -5*a + 223, 3*a - u - 106 = 25. Suppose 0 = -2*k - n + a, -4*k + 2*n = -123 + 43. Let b = k - 13. List the prime factors of b.
2
What are the prime factors of (-669)/(-27) + 2/9?
5
Let j be (0/(-1))/((-3)/(-3)). Let b be 2 - (1 - (3 - j)). Suppose -b*h + 16 = -0*h. List the prime factors of h.
2
Let u = 4 - 5. What are the prime factors of ((-10)/(-4))/(u/(-6))?
3, 5
Let f = 351 - 156. List the prime factors of f.
3, 5, 13
Suppose 3*l + r - 209 = 0, -3*l + 0*r + 205 = 2*r. What are the prime factors of l?
71
Suppose 8 = 4*w, -w - 2*w + 124 = 2*u. Suppose 4*f - u = -15. List the prime factors of f.
11
Let j(q) = -q**2 - 4. Let f be j(-4). Let m = f + 11. Let n(h) = h**3 + 10*h**2 + 8*h + 1. List the prime factors of n(m).
2, 5
Let x(c) = c**2 + 2*c - 1. Suppose -2*w + 0*w - 6 = 0. List the prime factors of x(w).
2
Let c(l) = 5*l - 8. What are the prime factors of c(12)?
2, 13
Let o = -14 + 14. Suppose o = k - 2*k + 24. What are the prime factors of k?
2, 3
Let v(k) = 8*k - 2. Let l be v(3). Let r = 37 - l. List the prime factors of r.
3, 5
Let k = -25 + 32. List the prime factors of k.
7
Let a = -100 - -240. Suppose -4*v = -4*n - a, -4*v - 7*n + 113 = -2*n. What are the prime factors of v?
2
List the prime factors of -57*(2 + -5 + 2).
3, 19
Let q(r) = r + 7. Let w be q(-9). Let u(p) be the second derivative of -p**3/3 + p**2/2 + p. What are the prime factors of u(w)?
5
Suppose -83 = 4*r - 443. What are the prime factors of r?
2, 3, 5
Suppose 0 = -8*y + 300 + 940. List the prime factors of y.
5, 31
Let s = 67 + -24. List the prime factors of s.
43
Let p = 47 - 23. Suppose 16*x - 18*x = 22. Let g = p + x. List the prime factors of g.
13
Let r(k) = 169*k + 7. List the prime factors of r(1).
2, 11
What are the prime factors of ((-27)/(-12))/((-15)/(-20))?
3
Let i(a) = -a**2 - 11*a + 4. Let f be (-1)/3 + 232/(-24). Let o be i(f). Suppose o = 2*m + 3*z, -5*m + 9 = 4*z - 19. List the prime factors of m.
2
Let u = 392 + -154. List the prime factors of u.
2, 7, 17
Suppose -48 = 2*a - 0*b + 4*b, -2*a = -b + 58. Let w = a - -43. What are the prime factors of w?
3, 5
What are the prime factors of 13 + (-33)/(-9) + 10/(-15)?
2
Let l(u) = u**2 + 6*u - 8. Let s be l(-8). Let m be (6/4)/(6/s). Suppose -m*g + 12 = g. What are the prime factors of g?
2
Let k = 5 + -1. Suppose -k*z - 12 + 84 = 0. What are the prime factors of z?
2, 3
Let w(u) be the third derivative of -u**6/240 - 3*u**5/40 + u**4/24 - 2*u**2. Let t(l) be the second derivative of w(l). List the prime factors of t(-9).
2, 3
Suppose 2*c + 2 = 3*c. Suppose c*t = 0, 0*m - 4 = -m + 2*t. What are the prime factors of m?
2
Let u(k) = -37*k - 1. Let s be u(-1). Suppose -s = g - 3*g. List the prime factors of g.
2, 3
Let z(b) be the second derivative of b**5/120 - b**4/12 + b**3/2 + b. Let x(f) be the second derivative of z(f). List the prime factors of x(4).
2
Let w be 3/18 - (-179)/6. What are the prime factors of ((-12)/w)/((-1)/95)?
2